t is the hundreds digit of 5839447?
4
What is the millions digit of 3552590?
3
What is the tens digit of 154391?
9
What is the thousands digit of 3909007?
9
What is the units digit of 3868478?
8
What is the ten millions digit of 19558091?
1
What is the tens digit of 30459?
5
What is the hundreds digit of 161681?
6
What is the ten thousands digit of 87417?
8
What is the ten thousands digit of 297913?
9
What is the thousands digit of 128514?
8
What is the tens digit of 20097572?
7
What is the units digit of 2503971?
1
What is the hundred thousands digit of 190039?
1
What is the hundreds digit of 1823907?
9
What is the ten thousands digit of 254334?
5
What is the millions digit of 7110785?
7
What is the ten millions digit of 20008122?
2
What is the tens digit of 51134?
3
What is the millions digit of 11153761?
1
What is the units digit of 741613?
3
What is the ten thousands digit of 602948?
0
What is the units digit of 11529370?
0
What is the thousands digit of 2602475?
2
What is the thousands digit of 28246915?
6
What is the tens digit of 7765429?
2
What is the hundreds digit of 854937?
9
What is the units digit of 253640?
0
What is the thousands digit of 2600345?
0
What is the hundreds digit of 4041764?
7
What is the ten thousands digit of 325030?
2
What is the units digit of 452700?
0
What is the hundreds digit of 260620?
6
What is the ten thousands digit of 383411?
8
What is the hundreds digit of 25041?
0
What is the hundred thousands digit of 1924430?
9
What is the hundred thousands digit of 224554?
2
What is the units digit of 490497?
7
What is the ten thousands digit of 368419?
6
What is the units digit of 144794?
4
What is the thousands digit of 691239?
1
What is the hundred thousands digit of 695077?
6
What is the tens digit of 1377044?
4
What is the thousands digit of 28222558?
2
What is the hundred thousands digit of 1036441?
0
What is the ten thousands digit of 386483?
8
What is the hundred thousands digit of 978120?
9
What is the thousands digit of 371564?
1
What is the hundred thousands digit of 158818?
1
What is the tens digit of 3878011?
1
What is the hundred thousands digit of 7101244?
1
What is the hundred thousands digit of 780835?
7
What is the hundreds digit of 3132907?
9
What is the thousands digit of 15561068?
1
What is the hundred thousands digit of 9083965?
0
What is the ten thousands digit of 4155057?
5
What is the units digit of 119713?
3
What is the hundred thousands digit of 491836?
4
What is the hundred thousands digit of 487867?
4
What is the hundred thousands digit of 156821?
1
What is the millions digit of 1965433?
1
What is the millions digit of 5274064?
5
What is the millions digit of 2324288?
2
What is the hundred thousands digit of 757730?
7
What is the units digit of 1383163?
3
What is the hundred thousands digit of 118419?
1
What is the ten thousands digit of 36520?
3
What is the tens digit of 3732514?
1
What is the hundred thousands digit of 494932?
4
What is the hundred thousands digit of 20172983?
1
What is the tens digit of 480785?
8
What is the tens digit of 6739474?
7
What is the units digit of 195074?
4
What is the thousands digit of 1106907?
6
What is the hundred thousands digit of 390383?
3
What is the tens digit of 2164675?
7
What is the units digit of 195122?
2
What is the units digit of 124135?
5
What is the hundred thousands digit of 651667?
6
What is the tens digit of 199776?
7
What is the thousands digit of 3893750?
3
What is the units digit of 215642?
2
What is the units digit of 349315?
5
What is the hundred thousands digit of 2656128?
6
What is the hundreds digit of 381446?
4
What is the ten thousands digit of 1214765?
1
What is the millions digit of 5246236?
5
What is the millions digit of 3682068?
3
What is the thousands digit of 10602456?
2
What is the tens digit of 1193411?
1
What is the tens digit of 329806?
0
What is the tens digit of 4684514?
1
What is the tens digit of 365803?
0
What is the units digit of 576020?
0
What is the ten thousands digit of 791931?
9
What is the thousands digit of 8187323?
7
What is the units digit of 7193845?
5
What is the hundred thousands digit of 204313?
2
What is the thousands digit of 8931402?
1
What is the hundred thousands digit of 3502695?
5
What is the units digit of 1584628?
8
What is the tens digit of 499651?
5
What is the ten thousands digit of 3558136?
5
What is the hundred thousands digit of 223406?
2
What is the hundreds digit of 45449?
4
What is the tens digit of 722998?
9
What is the thousands digit of 195065?
5
What is the hundreds digit of 359332?
3
What is the hundreds digit of 565329?
3
What is the millions digit of 4087111?
4
What is the hundreds digit of 3111649?
6
What is the hundreds digit of 330104?
1
What is the tens digit of 885377?
7
What is the tens digit of 11454667?
6
What is the hundreds digit of 27117?
1
What is the tens digit of 3756147?
4
What is the ten millions digit of 10356114?
1
What is the units digit of 93243?
3
What is the hundreds digit of 23343214?
2
What is the ten thousands digit of 7577109?
7
What is the units digit of 101813?
3
What is the millions digit of 3390940?
3
What is the units digit of 1574783?
3
What is the ten thousands digit of 2101705?
0
What is the units digit of 261484?
4
What is the hundred thousands digit of 8815319?
8
What is the tens digit of 778489?
8
What is the ten thousands digit of 432639?
3
What is the hundred thousands digit of 21159456?
1
What is the tens digit of 150858?
5
What is the millions digit of 1518374?
1
What is the units digit of 1784885?
5
What is the tens digit of 75281?
8
What is the ten thousands digit of 270691?
7
What is the tens digit of 440400?
0
What is the millions digit of 3586003?
3
What is the hundred thousands digit of 1944358?
9
What is the units digit of 6146162?
2
What is the hundreds digit of 2163180?
1
What is the hundred thousands digit of 1434542?
4
What is the hundreds digit of 1940?
9
What is the ten thousands digit of 14605047?
0
What is the ten thousands digit of 347390?
4
What is the hundreds digit of 552?
5
What is the tens digit of 17396?
9
What is the units digit of 1466077?
7
What is the hundred thousands digit of 2187611?
1
What is the ten thousands digit of 604946?
0
What is the ten thousands digit of 1466634?
6
What is the ten thousands digit of 2985659?
8
What is the hundred thousands digit of 1349855?
3
What is the hundred thousands digit of 4904838?
9
What is the thousands digit of 2941052?
1
What is the hundreds digit of 15833114?
1
What is the units digit of 398273?
3
What is the tens digit of 30255?
5
What is the millions digit of 6456561?
6
What is the tens digit of 3616534?
3
What is the hundred thousands digit of 283407?
2
What is the tens digit of 8231?
3
What is the units digit of 816320?
0
What is the units digit of 595299?
9
What is the thousands digit of 142180?
2
What is the ten thousands digit of 516004?
1
What is the hundred thousands digit of 3571809?
5
What is the hundred thousands digit of 191742?
1
What is the millions digit of 1372694?
1
What is the units digit of 1528378?
8
What is the hundreds digit of 12715001?
0
What is the tens digit of 1612141?
4
What is the thousands digit of 111093?
1
What is the hundreds digit of 919132?
1
What is the hundred thousands digit of 139264?
1
What is the hundreds digit of 44906?
9
What is the ten thousands digit of 11591233?
9
What is the thousands digit of 162750?
2
What is the hundred thousands digit of 396266?
3
What is the hundred thousands digit of 705327?
7
What is the millions digit of 8207774?
8
What is the ten thousands digit of 36107821?
0
What is the hundred thousands digit of 2982325?
9
What is the thousands digit of 1936646?
6
What is the ten thousands digit of 387882?
8
What is the ten thousands digit of 1496147?
9
What is the hundreds digit of 411326?
3
What is the thousands digit of 373669?
3
What is the hundred thousands digit of 493838?
4
What is the hundreds digit of 137472?
4
What is the tens digit of 25546?
4
What is the hundred thousands digit of 36972017?
9
What is the thousands digit of 390862?
0
What is the hundreds digit of 287886?
8
What is the thousands digit of 559903?
9
What is the units digit of 3773825?
5
What is the ten thousands digit of 12